{"id":5127,"date":"2023-03-23T07:55:08","date_gmt":"2023-03-23T07:55:08","guid":{"rendered":"https:\/\/fkv.it\/strumentazionedalaboratorio\/?page_id=5127"},"modified":"2023-03-30T16:12:18","modified_gmt":"2023-03-30T16:12:18","slug":"bod-biochemical-oxygen-demand","status":"publish","type":"page","link":"https:\/\/fkv.it\/strumentazionedalaboratorio\/glossario\/bod-biochemical-oxygen-demand\/","title":{"rendered":"BOD (Biochemical Oxygen Demand)"},"content":{"rendered":"\n<p>Il <strong>BOD<\/strong> (Biochemical Oxygen Demand) \u00e8 un parametro che indica la quantit\u00e0 di ossigeno necessaria ai microrganismi aerobici per biodegradare la sostanza organica presente in una determinata quantit\u00e0 di acqua in condizioni controllate di temperatura e di tempo. <\/p>\n\n\n\n<p>La<strong> sostanza organica biodegradabile<\/strong> nell&#8217;acqua \u00e8 costituita da una vasta gamma di composti organici. La misura del BOD fornisce un&#8217;informazione indiretta sulla quantit\u00e0 di sostanza organica biodegradabile presente in un campione di acqua, che a sua volta \u00e8 una misura della sua qualit\u00e0. <\/p>\n\n\n\n<p>Il valore della <strong>BOD <\/strong>\u00e8 espresso in mg\/l di O2 e il parametro \u00e8 utilizzato comunemente per monitorare la qualit\u00e0 dell&#8217;acqua, soprattutto nelle acque reflue industriali e nelle acque di scarico urbane. La misura del BOD dipende da diversi fattori, tra cui la quantit\u00e0 di ossigeno, i microrganismi aerobici e la sostanza organica biodegradabile presenti nel campione. Inoltre, la misura del BOD richiede un controllo accurato della temperatura e del tempo di incubazione, e pu\u00f2 essere influenzata da variabili ambientali come la radiazione luminosa. <\/p>\n\n\n\n<p>Questo parametro \u00e8 legato ad altri due parametri, il <a href=\"https:\/\/fkv.it\/strumentazionedalaboratorio\/glossario\/cod-domanda-chimica-di-ossigeno\/\">COD<\/a> e il <a href=\"https:\/\/fkv.it\/strumentazionedalaboratorio\/glossario\/determinazione-carbonio-organico\/\">TOC<\/a>, ed \u00e8 possibile determinarlo con sistemi automatici come quelli forniti da FKV con <a href=\"https:\/\/fkv.it\/rappresentate\/mantech\">Mantech<\/a>.<\/p>\n","protected":false},"excerpt":{"rendered":"<p>Il BOD (Biochemical Oxygen Demand) \u00e8 un parametro che indica la quantit\u00e0 di ossigeno necessaria ai microrganismi aerobici per biodegradare la sostanza organica presente in una determinata quantit\u00e0 di acqua in condizioni controllate di temperatura e di tempo. La sostanza organica biodegradabile nell&#8217;acqua \u00e8 costituita&#8230;<\/p>\n","protected":false},"author":3,"featured_media":0,"parent":1042,"menu_order":4,"comment_status":"closed","ping_status":"closed","template":"page-glossario-figlie.php","meta":[],"yoast_head":"<!-- This site is optimized with the Yoast SEO plugin v15.0 - https:\/\/yoast.com\/wordpress\/plugins\/seo\/ -->\n<title>BOD (Domanda Biochimica di Ossigeno) - FKV<\/title>\n<meta name=\"description\" content=\"Il BOD \u00e8 un parametro che indica la quantit\u00e0 di ossigeno necessaria ai microrganismi aerobici per biodegradare la sostanza organica.\" \/>\n<meta name=\"robots\" content=\"index, follow, max-snippet:-1, max-image-preview:large, max-video-preview:-1\" \/>\n<link rel=\"canonical\" href=\"https:\/\/fkv.it\/strumentazionedalaboratorio\/glossario\/bod-biochemical-oxygen-demand\/\" \/>\n<meta property=\"og:locale\" content=\"it_IT\" \/>\n<meta property=\"og:type\" content=\"article\" \/>\n<meta property=\"og:title\" content=\"BOD (Domanda Biochimica di Ossigeno) - FKV\" \/>\n<meta property=\"og:description\" content=\"Il BOD \u00e8 un parametro che indica la quantit\u00e0 di ossigeno necessaria ai microrganismi aerobici per biodegradare la sostanza organica.\" \/>\n<meta property=\"og:url\" content=\"https:\/\/fkv.it\/strumentazionedalaboratorio\/glossario\/bod-biochemical-oxygen-demand\/\" \/>\n<meta property=\"og:site_name\" content=\"FKV\" \/>\n<meta property=\"article:publisher\" content=\"https:\/\/www.facebook.com\/pages\/FKV-SRL\/193967133985052\" \/>\n<meta property=\"article:modified_time\" content=\"2023-03-30T16:12:18+00:00\" \/>\n<meta name=\"twitter:card\" content=\"summary_large_image\" \/>\n<script type=\"application\/ld+json\" class=\"yoast-schema-graph\">{\"@context\":\"https:\/\/schema.org\",\"@graph\":[{\"@type\":\"Organization\",\"@id\":\"https:\/\/fkv.it\/strumentazionedalaboratorio\/#organization\",\"name\":\"FKV - Strumenti per Laboratorio\",\"url\":\"https:\/\/fkv.it\/strumentazionedalaboratorio\/\",\"sameAs\":[\"https:\/\/www.facebook.com\/pages\/FKV-SRL\/193967133985052\",\"https:\/\/www.linkedin.com\/company\/fkv-srl\"],\"logo\":{\"@type\":\"ImageObject\",\"@id\":\"https:\/\/fkv.it\/strumentazionedalaboratorio\/#logo\",\"inLanguage\":\"it-IT\",\"url\":\"https:\/\/fkv.it\/strumentazionedalaboratorio\/wp-content\/uploads\/2019\/09\/logo_FKV.png\",\"width\":150,\"height\":86,\"caption\":\"FKV - Strumenti per Laboratorio\"},\"image\":{\"@id\":\"https:\/\/fkv.it\/strumentazionedalaboratorio\/#logo\"}},{\"@type\":\"WebSite\",\"@id\":\"https:\/\/fkv.it\/strumentazionedalaboratorio\/#website\",\"url\":\"https:\/\/fkv.it\/strumentazionedalaboratorio\/\",\"name\":\"FKV\",\"description\":\"\",\"publisher\":{\"@id\":\"https:\/\/fkv.it\/strumentazionedalaboratorio\/#organization\"},\"potentialAction\":[{\"@type\":\"SearchAction\",\"target\":\"https:\/\/fkv.it\/strumentazionedalaboratorio\/?s={search_term_string}\",\"query-input\":\"required name=search_term_string\"}],\"inLanguage\":\"it-IT\"},{\"@type\":\"WebPage\",\"@id\":\"https:\/\/fkv.it\/strumentazionedalaboratorio\/glossario\/bod-biochemical-oxygen-demand\/#webpage\",\"url\":\"https:\/\/fkv.it\/strumentazionedalaboratorio\/glossario\/bod-biochemical-oxygen-demand\/\",\"name\":\"BOD (Domanda Biochimica di Ossigeno) - FKV\",\"isPartOf\":{\"@id\":\"https:\/\/fkv.it\/strumentazionedalaboratorio\/#website\"},\"datePublished\":\"2023-03-23T07:55:08+00:00\",\"dateModified\":\"2023-03-30T16:12:18+00:00\",\"description\":\"Il BOD \\u00e8 un parametro che indica la quantit\\u00e0 di ossigeno necessaria ai microrganismi aerobici per biodegradare la sostanza organica.\",\"inLanguage\":\"it-IT\",\"potentialAction\":[{\"@type\":\"ReadAction\",\"target\":[\"https:\/\/fkv.it\/strumentazionedalaboratorio\/glossario\/bod-biochemical-oxygen-demand\/\"]}]}]}<\/script>\n<!-- \/ Yoast SEO plugin. -->","_links":{"self":[{"href":"https:\/\/fkv.it\/strumentazionedalaboratorio\/wp-json\/wp\/v2\/pages\/5127"}],"collection":[{"href":"https:\/\/fkv.it\/strumentazionedalaboratorio\/wp-json\/wp\/v2\/pages"}],"about":[{"href":"https:\/\/fkv.it\/strumentazionedalaboratorio\/wp-json\/wp\/v2\/types\/page"}],"author":[{"embeddable":true,"href":"https:\/\/fkv.it\/strumentazionedalaboratorio\/wp-json\/wp\/v2\/users\/3"}],"replies":[{"embeddable":true,"href":"https:\/\/fkv.it\/strumentazionedalaboratorio\/wp-json\/wp\/v2\/comments?post=5127"}],"version-history":[{"count":2,"href":"https:\/\/fkv.it\/strumentazionedalaboratorio\/wp-json\/wp\/v2\/pages\/5127\/revisions"}],"predecessor-version":[{"id":5142,"href":"https:\/\/fkv.it\/strumentazionedalaboratorio\/wp-json\/wp\/v2\/pages\/5127\/revisions\/5142"}],"up":[{"embeddable":true,"href":"https:\/\/fkv.it\/strumentazionedalaboratorio\/wp-json\/wp\/v2\/pages\/1042"}],"wp:attachment":[{"href":"https:\/\/fkv.it\/strumentazionedalaboratorio\/wp-json\/wp\/v2\/media?parent=5127"}],"curies":[{"name":"wp","href":"https:\/\/api.w.org\/{rel}","templated":true}]}}