{"id":3405,"date":"2021-12-03T15:08:49","date_gmt":"2021-12-03T15:08:49","guid":{"rendered":"https:\/\/fkv.it\/strumentazionedalaboratorio\/?page_id=3405"},"modified":"2021-12-13T17:22:26","modified_gmt":"2021-12-13T17:22:26","slug":"composti-organici-semi-volatili-svoc","status":"publish","type":"page","link":"https:\/\/fkv.it\/strumentazionedalaboratorio\/glossario\/composti-organici-semi-volatili-svoc\/","title":{"rendered":"Composti Organici Semivolatili (SVOC)"},"content":{"rendered":"\n<p>I <strong>Composti Organici Semi Volatili (SVOC)<\/strong> sono una classe di composti molto numerosa che comprende molti gruppi funzionali diversi che ne modificano le caratteristiche sia fisiche che chimiche. <\/p>\n\n\n\n<p>Il <strong>carattere comune di questa classe di composti \u00e8 la loro volatilit\u00e0<\/strong>, cio\u00e8 la tendenza a vaporizzare, ma si differenziano dai <a href=\"https:\/\/fkv.it\/strumentazionedalaboratorio\/glossario\/composti-organici-volatili-voc\/\">Composti Organici Volatili (COV)<\/a> per il <em>boiling point<\/em> (punto di ebollizione) che va da 240\u00b0C a 400\u00b0C, indipendentemente dalla natura chimica dei singoli analiti. La maggior parte di loro sono <strong>chimicamente molto stabili <\/strong>e questo li rende <strong>persistenti in matrici ambientali<\/strong> sia in fase vapore che in fase liquida\/solida.<\/p>\n\n\n\n<p>A differenza dei VOC questa classe di composti \u00e8 interessante soprattutto nelle <strong>matrici ambientali<\/strong>. La classe di composti definita come semivolatile \u00e8 molto vasta e include oltre 250 composti, che si possono classificare in diversi gruppi, tra i pi\u00f9 noti nel contesto ambientale ci sono soprattutto gli <strong>IPA<\/strong> (Idrocarburi Policiclici Aromatici), i <strong>PCB<\/strong> (Policlorobifenili) e le Diossine. Tra gli SVOC, quelli appena citati sono sicuramente tra i pi\u00f9 interessanti da un punto di vista ambientale per la loro<strong> tossicit\u00e0 e per l\u2019impatto che possono avere sulla salute umana e sull\u2019ambiente.<\/strong><\/p>\n\n\n\n<p>In modo particolare vengono ricercati nelle <strong>emissioni di impianti industriali ma anche in contesti cittadini ad elevato traffico<\/strong>. Infatti sia IPA che Diossine si formano nelle attivit\u00e0 di produzione energetica, impianti termici e processi industriali di varia tipologia e in concentrazioni minori dal traffico veicolare o dall\u2019incenerimento dei rifiuti organici.<\/p>\n\n\n\n<p>FKV propone diverse <a href=\"https:\/\/fkv.it\/prodotti\/analisi-chimiche\/analisi-aria-campionamento\">strumenti per il campionamento di SVOC<\/a> sia in aria che in matrici solide e liquide. Questa tipologia di strumenti \u00e8 progettata proprio per le <strong>esigenze del settore ambientale<\/strong> e risponde a tutti i requisiti richiesti dai metodi ufficiali.<\/p>\n","protected":false},"excerpt":{"rendered":"<p>I Composti Organici Semi Volatili (SVOC) sono una classe di composti molto numerosa che comprende molti gruppi funzionali diversi che ne modificano le caratteristiche sia fisiche che chimiche. Il carattere comune di questa classe di composti \u00e8 la loro volatilit\u00e0, cio\u00e8 la tendenza a vaporizzare,&#8230;<\/p>\n","protected":false},"author":3,"featured_media":0,"parent":1042,"menu_order":10,"comment_status":"closed","ping_status":"closed","template":"page-glossario-figlie.php","meta":[],"yoast_head":"<!-- This site is optimized with the Yoast SEO plugin v15.0 - https:\/\/yoast.com\/wordpress\/plugins\/seo\/ -->\n<title>Composti Organici Semivolatili (sVOC) - FKV<\/title>\n<meta name=\"description\" content=\"I Composti Organici Semivolatili (sVOC) si differenziano da quello Volatili (COV) per il punto di ebollizione maggiore, che va da 240\u00b0C a 400\u00b0C.\" \/>\n<meta name=\"robots\" content=\"index, follow, max-snippet:-1, max-image-preview:large, max-video-preview:-1\" \/>\n<link rel=\"canonical\" href=\"https:\/\/fkv.it\/strumentazionedalaboratorio\/glossario\/composti-organici-semi-volatili-svoc\/\" \/>\n<meta property=\"og:locale\" content=\"it_IT\" \/>\n<meta property=\"og:type\" content=\"article\" \/>\n<meta property=\"og:title\" content=\"Composti Organici Semivolatili (sVOC) - FKV\" \/>\n<meta property=\"og:description\" content=\"I Composti Organici Semivolatili (sVOC) si differenziano da quello Volatili (COV) per il punto di ebollizione maggiore, che va da 240\u00b0C a 400\u00b0C.\" \/>\n<meta property=\"og:url\" content=\"https:\/\/fkv.it\/strumentazionedalaboratorio\/glossario\/composti-organici-semi-volatili-svoc\/\" \/>\n<meta property=\"og:site_name\" content=\"FKV\" \/>\n<meta property=\"article:publisher\" content=\"https:\/\/www.facebook.com\/pages\/FKV-SRL\/193967133985052\" \/>\n<meta property=\"article:modified_time\" content=\"2021-12-13T17:22:26+00:00\" \/>\n<meta name=\"twitter:card\" content=\"summary_large_image\" \/>\n<script type=\"application\/ld+json\" class=\"yoast-schema-graph\">{\"@context\":\"https:\/\/schema.org\",\"@graph\":[{\"@type\":\"Organization\",\"@id\":\"https:\/\/fkv.it\/strumentazionedalaboratorio\/#organization\",\"name\":\"FKV - Strumenti per Laboratorio\",\"url\":\"https:\/\/fkv.it\/strumentazionedalaboratorio\/\",\"sameAs\":[\"https:\/\/www.facebook.com\/pages\/FKV-SRL\/193967133985052\",\"https:\/\/www.linkedin.com\/company\/fkv-srl\"],\"logo\":{\"@type\":\"ImageObject\",\"@id\":\"https:\/\/fkv.it\/strumentazionedalaboratorio\/#logo\",\"inLanguage\":\"it-IT\",\"url\":\"https:\/\/fkv.it\/strumentazionedalaboratorio\/wp-content\/uploads\/2019\/09\/logo_FKV.png\",\"width\":150,\"height\":86,\"caption\":\"FKV - Strumenti per Laboratorio\"},\"image\":{\"@id\":\"https:\/\/fkv.it\/strumentazionedalaboratorio\/#logo\"}},{\"@type\":\"WebSite\",\"@id\":\"https:\/\/fkv.it\/strumentazionedalaboratorio\/#website\",\"url\":\"https:\/\/fkv.it\/strumentazionedalaboratorio\/\",\"name\":\"FKV\",\"description\":\"\",\"publisher\":{\"@id\":\"https:\/\/fkv.it\/strumentazionedalaboratorio\/#organization\"},\"potentialAction\":[{\"@type\":\"SearchAction\",\"target\":\"https:\/\/fkv.it\/strumentazionedalaboratorio\/?s={search_term_string}\",\"query-input\":\"required name=search_term_string\"}],\"inLanguage\":\"it-IT\"},{\"@type\":\"WebPage\",\"@id\":\"https:\/\/fkv.it\/strumentazionedalaboratorio\/glossario\/composti-organici-semi-volatili-svoc\/#webpage\",\"url\":\"https:\/\/fkv.it\/strumentazionedalaboratorio\/glossario\/composti-organici-semi-volatili-svoc\/\",\"name\":\"Composti Organici Semivolatili (sVOC) - FKV\",\"isPartOf\":{\"@id\":\"https:\/\/fkv.it\/strumentazionedalaboratorio\/#website\"},\"datePublished\":\"2021-12-03T15:08:49+00:00\",\"dateModified\":\"2021-12-13T17:22:26+00:00\",\"description\":\"I Composti Organici Semivolatili (sVOC) si differenziano da quello Volatili (COV) per il punto di ebollizione maggiore, che va da 240\\u00b0C a 400\\u00b0C.\",\"inLanguage\":\"it-IT\",\"potentialAction\":[{\"@type\":\"ReadAction\",\"target\":[\"https:\/\/fkv.it\/strumentazionedalaboratorio\/glossario\/composti-organici-semi-volatili-svoc\/\"]}]}]}<\/script>\n<!-- \/ Yoast SEO plugin. -->","_links":{"self":[{"href":"https:\/\/fkv.it\/strumentazionedalaboratorio\/wp-json\/wp\/v2\/pages\/3405"}],"collection":[{"href":"https:\/\/fkv.it\/strumentazionedalaboratorio\/wp-json\/wp\/v2\/pages"}],"about":[{"href":"https:\/\/fkv.it\/strumentazionedalaboratorio\/wp-json\/wp\/v2\/types\/page"}],"author":[{"embeddable":true,"href":"https:\/\/fkv.it\/strumentazionedalaboratorio\/wp-json\/wp\/v2\/users\/3"}],"replies":[{"embeddable":true,"href":"https:\/\/fkv.it\/strumentazionedalaboratorio\/wp-json\/wp\/v2\/comments?post=3405"}],"version-history":[{"count":2,"href":"https:\/\/fkv.it\/strumentazionedalaboratorio\/wp-json\/wp\/v2\/pages\/3405\/revisions"}],"predecessor-version":[{"id":3445,"href":"https:\/\/fkv.it\/strumentazionedalaboratorio\/wp-json\/wp\/v2\/pages\/3405\/revisions\/3445"}],"up":[{"embeddable":true,"href":"https:\/\/fkv.it\/strumentazionedalaboratorio\/wp-json\/wp\/v2\/pages\/1042"}],"wp:attachment":[{"href":"https:\/\/fkv.it\/strumentazionedalaboratorio\/wp-json\/wp\/v2\/media?parent=3405"}],"curies":[{"name":"wp","href":"https:\/\/api.w.org\/{rel}","templated":true}]}}