{"id":1331,"date":"2020-09-08T13:07:19","date_gmt":"2020-09-08T13:07:19","guid":{"rendered":"http:\/\/fkv.it\/strumentazionedalaboratorio\/?page_id=1331"},"modified":"2020-10-05T09:45:03","modified_gmt":"2020-10-05T09:45:03","slug":"estrazione-cannabinoidi","status":"publish","type":"page","link":"https:\/\/fkv.it\/strumentazionedalaboratorio\/glossario\/estrazione-cannabinoidi\/","title":{"rendered":"Estrazione dei Cannabinoidi"},"content":{"rendered":"\n<p>L\u2019<strong>estrazione dei cannabinoidi<\/strong> \u00e8 un processo analitico di separazione di questa classe di composti dalla pianta della canapa e della cannabis. I cannabinoidi sono rappresentati principalmente dal CBD (cannabidiolo) e dal THC (\u0394-tetraidrocannabidiolo). La classe maggiormente nota \u00e8 sicuramente quella rappresentata dal THC, mentre il CBD \u00e8 in fase di studio per riscontrare le effettive attivit\u00e0 farmacologiche nella cura di determinate malattie. Il processo di estrazione dipende dal tipo di finalit\u00e0 e pu\u00f2 comprendere diverse metodologie.<\/p>\n\n\n\n<p>L\u2019estrazione dei cannabinoidi pu\u00f2 essere eseguita in diverse modalit\u00e0, tra le pi\u00f9 famose sicuramente quella con solvente e l\u2019estrazione in CO2 supercritica.<\/p>\n\n\n\n<p>Nel caso dell\u2019estrazione con solvente FKV propone un reattore in vetro progettato da AG (Asahi GlassPlant) che permette di lavorare in modo da ottimizzare la cinetica di reazione ed ottenere un prodotto qualitativamente pi\u00f9 puro rispetto ad altri sistemi.&nbsp;<\/p>\n\n\n\n<p>Per l\u2019estrazione in fluido supercritico FKV \u00e8 in grado di fornire reattori in acciaio Parr che garantiscono le migliori performance nelle reazioni ad elevata pressione e temperatura.<\/p>\n","protected":false},"excerpt":{"rendered":"<p>L\u2019estrazione dei cannabinoidi \u00e8 un processo analitico di separazione di questa classe di composti dalla pianta della canapa e della cannabis. I cannabinoidi sono rappresentati principalmente dal CBD (cannabidiolo) e dal THC (\u0394-tetraidrocannabidiolo). La classe maggiormente nota \u00e8 sicuramente quella rappresentata dal THC, mentre il&#8230;<\/p>\n","protected":false},"author":1,"featured_media":0,"parent":1042,"menu_order":56,"comment_status":"closed","ping_status":"closed","template":"page-glossario-figlie.php","meta":[],"yoast_head":"<!-- This site is optimized with the Yoast SEO plugin v15.0 - https:\/\/yoast.com\/wordpress\/plugins\/seo\/ -->\n<title>Estrazione dei Cannabinoidi - FKV<\/title>\n<meta name=\"robots\" content=\"index, follow, max-snippet:-1, max-image-preview:large, max-video-preview:-1\" \/>\n<link rel=\"canonical\" href=\"http:\/\/fkv.it\/strumentazionedalaboratorio\/glossario\/estrazione-cannabinoidi\/\" \/>\n<meta property=\"og:locale\" content=\"it_IT\" \/>\n<meta property=\"og:type\" content=\"article\" \/>\n<meta property=\"og:title\" content=\"Estrazione dei Cannabinoidi - FKV\" \/>\n<meta property=\"og:description\" content=\"L\u2019estrazione dei cannabinoidi \u00e8 un processo analitico di separazione di questa classe di composti dalla pianta della canapa e della cannabis. I cannabinoidi sono rappresentati principalmente dal CBD (cannabidiolo) e dal THC (\u0394-tetraidrocannabidiolo). La classe maggiormente nota \u00e8 sicuramente quella rappresentata dal THC, mentre il...\" \/>\n<meta property=\"og:url\" content=\"http:\/\/fkv.it\/strumentazionedalaboratorio\/glossario\/estrazione-cannabinoidi\/\" \/>\n<meta property=\"og:site_name\" content=\"FKV\" \/>\n<meta property=\"article:publisher\" content=\"https:\/\/www.facebook.com\/pages\/FKV-SRL\/193967133985052\" \/>\n<meta property=\"article:modified_time\" content=\"2020-10-05T09:45:03+00:00\" \/>\n<meta name=\"twitter:card\" content=\"summary_large_image\" \/>\n<script type=\"application\/ld+json\" class=\"yoast-schema-graph\">{\"@context\":\"https:\/\/schema.org\",\"@graph\":[{\"@type\":\"Organization\",\"@id\":\"https:\/\/fkv.it\/strumentazionedalaboratorio\/#organization\",\"name\":\"FKV - Strumenti per Laboratorio\",\"url\":\"https:\/\/fkv.it\/strumentazionedalaboratorio\/\",\"sameAs\":[\"https:\/\/www.facebook.com\/pages\/FKV-SRL\/193967133985052\",\"https:\/\/www.linkedin.com\/company\/fkv-srl\"],\"logo\":{\"@type\":\"ImageObject\",\"@id\":\"https:\/\/fkv.it\/strumentazionedalaboratorio\/#logo\",\"inLanguage\":\"it-IT\",\"url\":\"https:\/\/fkv.it\/strumentazionedalaboratorio\/wp-content\/uploads\/2019\/09\/logo_FKV.png\",\"width\":150,\"height\":86,\"caption\":\"FKV - Strumenti per Laboratorio\"},\"image\":{\"@id\":\"https:\/\/fkv.it\/strumentazionedalaboratorio\/#logo\"}},{\"@type\":\"WebSite\",\"@id\":\"https:\/\/fkv.it\/strumentazionedalaboratorio\/#website\",\"url\":\"https:\/\/fkv.it\/strumentazionedalaboratorio\/\",\"name\":\"FKV\",\"description\":\"\",\"publisher\":{\"@id\":\"https:\/\/fkv.it\/strumentazionedalaboratorio\/#organization\"},\"potentialAction\":[{\"@type\":\"SearchAction\",\"target\":\"https:\/\/fkv.it\/strumentazionedalaboratorio\/?s={search_term_string}\",\"query-input\":\"required name=search_term_string\"}],\"inLanguage\":\"it-IT\"},{\"@type\":\"WebPage\",\"@id\":\"http:\/\/fkv.it\/strumentazionedalaboratorio\/glossario\/estrazione-cannabinoidi\/#webpage\",\"url\":\"http:\/\/fkv.it\/strumentazionedalaboratorio\/glossario\/estrazione-cannabinoidi\/\",\"name\":\"Estrazione dei Cannabinoidi - FKV\",\"isPartOf\":{\"@id\":\"https:\/\/fkv.it\/strumentazionedalaboratorio\/#website\"},\"datePublished\":\"2020-09-08T13:07:19+00:00\",\"dateModified\":\"2020-10-05T09:45:03+00:00\",\"inLanguage\":\"it-IT\",\"potentialAction\":[{\"@type\":\"ReadAction\",\"target\":[\"http:\/\/fkv.it\/strumentazionedalaboratorio\/glossario\/estrazione-cannabinoidi\/\"]}]}]}<\/script>\n<!-- \/ Yoast SEO plugin. -->","_links":{"self":[{"href":"https:\/\/fkv.it\/strumentazionedalaboratorio\/wp-json\/wp\/v2\/pages\/1331"}],"collection":[{"href":"https:\/\/fkv.it\/strumentazionedalaboratorio\/wp-json\/wp\/v2\/pages"}],"about":[{"href":"https:\/\/fkv.it\/strumentazionedalaboratorio\/wp-json\/wp\/v2\/types\/page"}],"author":[{"embeddable":true,"href":"https:\/\/fkv.it\/strumentazionedalaboratorio\/wp-json\/wp\/v2\/users\/1"}],"replies":[{"embeddable":true,"href":"https:\/\/fkv.it\/strumentazionedalaboratorio\/wp-json\/wp\/v2\/comments?post=1331"}],"version-history":[{"count":4,"href":"https:\/\/fkv.it\/strumentazionedalaboratorio\/wp-json\/wp\/v2\/pages\/1331\/revisions"}],"predecessor-version":[{"id":1468,"href":"https:\/\/fkv.it\/strumentazionedalaboratorio\/wp-json\/wp\/v2\/pages\/1331\/revisions\/1468"}],"up":[{"embeddable":true,"href":"https:\/\/fkv.it\/strumentazionedalaboratorio\/wp-json\/wp\/v2\/pages\/1042"}],"wp:attachment":[{"href":"https:\/\/fkv.it\/strumentazionedalaboratorio\/wp-json\/wp\/v2\/media?parent=1331"}],"curies":[{"name":"wp","href":"https:\/\/api.w.org\/{rel}","templated":true}]}}