{"id":1204,"date":"2020-08-04T14:02:06","date_gmt":"2020-08-04T14:02:06","guid":{"rendered":"http:\/\/fkv.it\/strumentazionedalaboratorio\/?page_id=1204"},"modified":"2022-06-23T13:52:33","modified_gmt":"2022-06-23T13:52:33","slug":"reometro","status":"publish","type":"page","link":"https:\/\/fkv.it\/strumentazionedalaboratorio\/glossario\/reometro\/","title":{"rendered":"Reometro"},"content":{"rendered":"\n<p>Il <strong>reometro<\/strong> \u00e8 uno strumento di laboratorio utilizzato prevalentemente nel <strong>settore plastico<\/strong> e permette di misurare come fluisce un materiale liquido, anche ad elevata viscosit\u00e0, quando \u00e8 sottoposto ad una forza applicata.<\/p>\n\n\n\n<p>Un reometro misura diversi parametri: lo <strong>stress di snervamento<\/strong>, le <strong>propriet\u00e0 cinetiche di un materiale<\/strong>, lo <strong>scorrimento<\/strong> e anche la <strong>viscosit\u00e0 complessa<\/strong>, e pu\u00f2 essere rotazionale, estensionale o <a href=\"https:\/\/fkv.it\/prodotti\/caratterizzazione-dei-materiali\/reologia-polimeri\/rg-20-25-75-120\">capillare<\/a>.<\/p>\n\n\n\n<p>I reometri distribuiti da FKV e prodotti da <a href=\"https:\/\/fkv.it\/rappresentate\/goettfert\/reometri-capillari-da-laboratorio\">G\u00f6ttfert<\/a> sono tutti reometri capillari, utilizzati come piattaforma anche per la misura del die-swell, viscosit\u00e0 elongazionale e fenomeni di shark skin.<\/p>\n","protected":false},"excerpt":{"rendered":"<p>Il reometro \u00e8 uno strumento di laboratorio utilizzato prevalentemente nel settore plastico e permette di misurare come fluisce un materiale liquido, anche ad elevata viscosit\u00e0, quando \u00e8 sottoposto ad una forza applicata. Un reometro misura diversi parametri: lo stress di snervamento, le propriet\u00e0 cinetiche di&#8230;<\/p>\n","protected":false},"author":1,"featured_media":0,"parent":1042,"menu_order":64,"comment_status":"closed","ping_status":"closed","template":"page-glossario-figlie.php","meta":[],"yoast_head":"<!-- This site is optimized with the Yoast SEO plugin v15.0 - https:\/\/yoast.com\/wordpress\/plugins\/seo\/ -->\n<title>Cosa \u00e8 un Reometro - FKV<\/title>\n<meta name=\"description\" content=\"Un reometro \u00e8 uno strumento da laboratorio che misura parametri come stress di snervamento, propriet\u00e0 cinetiche scorrimento e viscosit\u00e0.\" \/>\n<meta name=\"robots\" content=\"index, follow, max-snippet:-1, max-image-preview:large, max-video-preview:-1\" \/>\n<link rel=\"canonical\" href=\"https:\/\/fkv.it\/strumentazionedalaboratorio\/glossario\/reometro\/\" \/>\n<meta property=\"og:locale\" content=\"it_IT\" \/>\n<meta property=\"og:type\" content=\"article\" \/>\n<meta property=\"og:title\" content=\"Cosa \u00e8 un Reometro - FKV\" \/>\n<meta property=\"og:description\" content=\"Un reometro \u00e8 uno strumento da laboratorio che misura parametri come stress di snervamento, propriet\u00e0 cinetiche scorrimento e viscosit\u00e0.\" \/>\n<meta property=\"og:url\" content=\"https:\/\/fkv.it\/strumentazionedalaboratorio\/glossario\/reometro\/\" \/>\n<meta property=\"og:site_name\" content=\"FKV\" \/>\n<meta property=\"article:publisher\" content=\"https:\/\/www.facebook.com\/pages\/FKV-SRL\/193967133985052\" \/>\n<meta property=\"article:modified_time\" content=\"2022-06-23T13:52:33+00:00\" \/>\n<meta name=\"twitter:card\" content=\"summary_large_image\" \/>\n<script type=\"application\/ld+json\" class=\"yoast-schema-graph\">{\"@context\":\"https:\/\/schema.org\",\"@graph\":[{\"@type\":\"Organization\",\"@id\":\"https:\/\/fkv.it\/strumentazionedalaboratorio\/#organization\",\"name\":\"FKV - Strumenti per Laboratorio\",\"url\":\"https:\/\/fkv.it\/strumentazionedalaboratorio\/\",\"sameAs\":[\"https:\/\/www.facebook.com\/pages\/FKV-SRL\/193967133985052\",\"https:\/\/www.linkedin.com\/company\/fkv-srl\"],\"logo\":{\"@type\":\"ImageObject\",\"@id\":\"https:\/\/fkv.it\/strumentazionedalaboratorio\/#logo\",\"inLanguage\":\"it-IT\",\"url\":\"https:\/\/fkv.it\/strumentazionedalaboratorio\/wp-content\/uploads\/2019\/09\/logo_FKV.png\",\"width\":150,\"height\":86,\"caption\":\"FKV - Strumenti per Laboratorio\"},\"image\":{\"@id\":\"https:\/\/fkv.it\/strumentazionedalaboratorio\/#logo\"}},{\"@type\":\"WebSite\",\"@id\":\"https:\/\/fkv.it\/strumentazionedalaboratorio\/#website\",\"url\":\"https:\/\/fkv.it\/strumentazionedalaboratorio\/\",\"name\":\"FKV\",\"description\":\"\",\"publisher\":{\"@id\":\"https:\/\/fkv.it\/strumentazionedalaboratorio\/#organization\"},\"potentialAction\":[{\"@type\":\"SearchAction\",\"target\":\"https:\/\/fkv.it\/strumentazionedalaboratorio\/?s={search_term_string}\",\"query-input\":\"required name=search_term_string\"}],\"inLanguage\":\"it-IT\"},{\"@type\":\"WebPage\",\"@id\":\"https:\/\/fkv.it\/strumentazionedalaboratorio\/glossario\/reometro\/#webpage\",\"url\":\"https:\/\/fkv.it\/strumentazionedalaboratorio\/glossario\/reometro\/\",\"name\":\"Cosa \\u00e8 un Reometro - FKV\",\"isPartOf\":{\"@id\":\"https:\/\/fkv.it\/strumentazionedalaboratorio\/#website\"},\"datePublished\":\"2020-08-04T14:02:06+00:00\",\"dateModified\":\"2022-06-23T13:52:33+00:00\",\"description\":\"Un reometro \\u00e8 uno strumento da laboratorio che misura parametri come stress di snervamento, propriet\\u00e0 cinetiche scorrimento e viscosit\\u00e0.\",\"inLanguage\":\"it-IT\",\"potentialAction\":[{\"@type\":\"ReadAction\",\"target\":[\"https:\/\/fkv.it\/strumentazionedalaboratorio\/glossario\/reometro\/\"]}]}]}<\/script>\n<!-- \/ Yoast SEO plugin. -->","_links":{"self":[{"href":"https:\/\/fkv.it\/strumentazionedalaboratorio\/wp-json\/wp\/v2\/pages\/1204"}],"collection":[{"href":"https:\/\/fkv.it\/strumentazionedalaboratorio\/wp-json\/wp\/v2\/pages"}],"about":[{"href":"https:\/\/fkv.it\/strumentazionedalaboratorio\/wp-json\/wp\/v2\/types\/page"}],"author":[{"embeddable":true,"href":"https:\/\/fkv.it\/strumentazionedalaboratorio\/wp-json\/wp\/v2\/users\/1"}],"replies":[{"embeddable":true,"href":"https:\/\/fkv.it\/strumentazionedalaboratorio\/wp-json\/wp\/v2\/comments?post=1204"}],"version-history":[{"count":5,"href":"https:\/\/fkv.it\/strumentazionedalaboratorio\/wp-json\/wp\/v2\/pages\/1204\/revisions"}],"predecessor-version":[{"id":4086,"href":"https:\/\/fkv.it\/strumentazionedalaboratorio\/wp-json\/wp\/v2\/pages\/1204\/revisions\/4086"}],"up":[{"embeddable":true,"href":"https:\/\/fkv.it\/strumentazionedalaboratorio\/wp-json\/wp\/v2\/pages\/1042"}],"wp:attachment":[{"href":"https:\/\/fkv.it\/strumentazionedalaboratorio\/wp-json\/wp\/v2\/media?parent=1204"}],"curies":[{"name":"wp","href":"https:\/\/api.w.org\/{rel}","templated":true}]}}